{"id":5,"date":"2020-01-13T11:17:52","date_gmt":"2020-01-13T11:17:52","guid":{"rendered":"https:\/\/demosites.io\/web-agency-gb\/?page_id=5"},"modified":"2026-05-02T08:06:27","modified_gmt":"2026-05-02T08:06:27","slug":"15c42-web-agency-gb-home","status":"publish","type":"page","link":"https:\/\/fm-fliesen.at\/","title":{"rendered":"Home"},"content":{"rendered":"\n<div class=\"wp-block-cover alignfull is-light\" style=\"min-height:700px;aspect-ratio:unset;\"><img loading=\"lazy\" decoding=\"async\" width=\"2560\" height=\"1707\" class=\"wp-block-cover__image-background wp-image-414\" alt=\"\" src=\"https:\/\/fm-fliesen.at\/wp-content\/uploads\/2022\/10\/Fm-Fliesen-Flachau_web6-scaled.jpg\" style=\"object-position:49% 13%\" data-object-fit=\"cover\" data-object-position=\"49% 13%\" srcset=\"https:\/\/fm-fliesen.at\/wp-content\/uploads\/2022\/10\/Fm-Fliesen-Flachau_web6-scaled.jpg 2560w, https:\/\/fm-fliesen.at\/wp-content\/uploads\/2022\/10\/Fm-Fliesen-Flachau_web6-300x200.jpg 300w, https:\/\/fm-fliesen.at\/wp-content\/uploads\/2022\/10\/Fm-Fliesen-Flachau_web6-1024x683.jpg 1024w, https:\/\/fm-fliesen.at\/wp-content\/uploads\/2022\/10\/Fm-Fliesen-Flachau_web6-768x512.jpg 768w, https:\/\/fm-fliesen.at\/wp-content\/uploads\/2022\/10\/Fm-Fliesen-Flachau_web6-1536x1024.jpg 1536w, https:\/\/fm-fliesen.at\/wp-content\/uploads\/2022\/10\/Fm-Fliesen-Flachau_web6-2048x1365.jpg 2048w, https:\/\/fm-fliesen.at\/wp-content\/uploads\/2022\/10\/Fm-Fliesen-Flachau_web6-930x620.jpg 930w\" sizes=\"auto, (max-width: 2560px) 100vw, 2560px\" \/><span aria-hidden=\"true\" class=\"wp-block-cover__background has-background-dim-0 has-background-dim\"><\/span><div class=\"wp-block-cover__inner-container is-layout-flow wp-block-cover-is-layout-flow\">\n<div class=\"wp-block-buttons is-horizontal is-content-justification-center is-layout-flex wp-container-core-buttons-is-layout-499968f5 wp-block-buttons-is-layout-flex\"><\/div>\n\n\n\n<div style=\"height:80px\" aria-hidden=\"true\" class=\"wp-block-spacer\"><\/div>\n\n\n\n<h1 class=\"wp-block-heading alignwide has-text-align-center has-nv-site-bg-color has-text-color has-background\" style=\"background-color:#00000000;font-size:50px\">Ihr zuverl\u00e4ssiger Spezialist<br>im Salzburgerland<\/h1>\n\n\n\n<div style=\"height:80px\" aria-hidden=\"true\" class=\"wp-block-spacer\"><\/div>\n\n\n\n<p class=\"has-text-align-center has-nv-site-bg-color has-neve-text-color-background-color has-text-color has-background has-medium-font-size\"><strong>Die Qualit\u00e4t ist unser h\u00f6chstes Gut !<\/strong><br>Daher verrichten wir unsere Arbeiten stehts sauber und gewissenhaft. <br>Diese Eigenschaften in Kombination mit unserer Jahrzehnte langen Erfahrung und Beratung <br>ergibt unsere Firmenphilosophie.<\/p>\n<\/div><\/div>\n\n\n\n<div style=\"height:100px\" aria-hidden=\"true\" class=\"wp-block-spacer\"><\/div>\n\n\n\n<div class=\"wp-block-columns is-layout-flex wp-container-core-columns-is-layout-9d6595d7 wp-block-columns-is-layout-flex\">\n<div class=\"wp-block-column is-layout-flow wp-block-column-is-layout-flow\"><div class=\"wp-block-image icon-style is-style-rounded\">\n<figure class=\"aligncenter size-thumbnail\"><img loading=\"lazy\" decoding=\"async\" width=\"150\" height=\"150\" src=\"https:\/\/fm-fliesen.at\/wp-content\/uploads\/2022\/10\/beratung-150x150.png\" alt=\"\" class=\"wp-image-467\" title=\"\" srcset=\"https:\/\/fm-fliesen.at\/wp-content\/uploads\/2022\/10\/beratung-150x150.png 150w, https:\/\/fm-fliesen.at\/wp-content\/uploads\/2022\/10\/beratung-300x300.png 300w, https:\/\/fm-fliesen.at\/wp-content\/uploads\/2022\/10\/beratung.png 710w\" sizes=\"auto, (max-width: 150px) 100vw, 150px\" \/><\/figure>\n<\/div>\n\n\n<h3 class=\"wp-block-heading has-text-align-center has-neve-text-color-color has-text-color\">Kompetente Beratung<\/h3>\n\n\n\n<p class=\"has-text-align-center has-neve-text-color-color has-text-color\">Eine fundierte Beratung ist das A und O. <br>Wir geben Ihnen individuelle Tipps und erkl\u00e4ren Ihnen gerne die Vor- und Nachteile zu Gr\u00f6\u00dfen, Eigenschaften und vieles mehr von Fliesen, Marmor und Natursteinen. In unserem Schauraum in Flachau zeigen wir Ihnen gerne die Muster zu den aktuellen Trends und auf Wunsch helfen wir Ihnen bei der Auswahl Ihrer Wunschfliesen.<\/p>\n\n\n\n<div style=\"height:20px\" aria-hidden=\"true\" class=\"wp-block-spacer\"><\/div>\n<\/div>\n\n\n\n<div class=\"wp-block-column is-layout-flow wp-block-column-is-layout-flow\"><div class=\"wp-block-image icon-style is-style-rounded\">\n<figure class=\"aligncenter size-thumbnail\"><img loading=\"lazy\" decoding=\"async\" width=\"150\" height=\"150\" src=\"https:\/\/fm-fliesen.at\/wp-content\/uploads\/2022\/10\/umsetzung-150x150.png\" alt=\"\" class=\"wp-image-468\" srcset=\"https:\/\/fm-fliesen.at\/wp-content\/uploads\/2022\/10\/umsetzung-150x150.png 150w, https:\/\/fm-fliesen.at\/wp-content\/uploads\/2022\/10\/umsetzung-300x300.png 300w, https:\/\/fm-fliesen.at\/wp-content\/uploads\/2022\/10\/umsetzung.png 710w\" sizes=\"auto, (max-width: 150px) 100vw, 150px\" \/><\/figure>\n<\/div>\n\n\n<h3 class=\"wp-block-heading has-text-align-center has-neve-text-color-color has-text-color\">Umsetzung<\/h3>\n\n\n\n<ul class=\"wp-block-list has-neve-text-color-color has-text-color\">\n<li>Fliesenverlegungen aller Art im Innen- und Au\u00dfenbereich<\/li>\n\n\n\n<li>Fliesenarbeiten bei Neubauten, Umbauten, Renovierungen und Sanierungen<\/li>\n\n\n\n<li>Badsanierung<\/li>\n\n\n\n<li>Mosaikarbeiten<\/li>\n\n\n\n<li>Fliesenreparaturen<\/li>\n\n\n\n<li>Fugen- und Silikonarbeiten<\/li>\n\n\n\n<li>Abdichtungen<\/li>\n<\/ul>\n\n\n\n<div style=\"height:20px\" aria-hidden=\"true\" class=\"wp-block-spacer\"><\/div>\n<\/div>\n\n\n\n<div class=\"wp-block-column is-layout-flow wp-block-column-is-layout-flow\"><div class=\"wp-block-image icon-style is-style-rounded\">\n<figure class=\"aligncenter size-thumbnail\"><img loading=\"lazy\" decoding=\"async\" width=\"150\" height=\"150\" src=\"https:\/\/fm-fliesen.at\/wp-content\/uploads\/2022\/10\/ziel-150x150.png\" alt=\"\" class=\"wp-image-469\" srcset=\"https:\/\/fm-fliesen.at\/wp-content\/uploads\/2022\/10\/ziel-150x150.png 150w, https:\/\/fm-fliesen.at\/wp-content\/uploads\/2022\/10\/ziel-300x300.png 300w, https:\/\/fm-fliesen.at\/wp-content\/uploads\/2022\/10\/ziel.png 710w\" sizes=\"auto, (max-width: 150px) 100vw, 150px\" \/><\/figure>\n<\/div>\n\n\n<h3 class=\"wp-block-heading has-text-align-center has-neve-text-color-color has-text-color\">Ziel<\/h3>\n\n\n\n<p class=\"has-text-align-center has-neve-text-color-color has-text-color\">Ein zufriedener Kunde ist unser Ziel.<br>Wir freuen uns immer wieder wenn wir das l\u00e4cheln unsere Kunden entdecken, wenn sie z.B. durch das neue Stiegenhaus spazieren. <br><\/p>\n\n\n\n<div style=\"height:20px\" aria-hidden=\"true\" class=\"wp-block-spacer\"><\/div>\n<\/div>\n<\/div>\n\n\n\n<p><\/p>\n\n\n\n<div class=\"wp-block-cover alignfull\" style=\"min-height:546px;aspect-ratio:unset;\"><span aria-hidden=\"true\" class=\"wp-block-cover__background has-neve-text-color-background-color has-background-dim-100 has-background-dim\"><\/span><div class=\"wp-block-cover__inner-container is-layout-flow wp-block-cover-is-layout-flow\">\n<div class=\"wp-block-group\"><div class=\"wp-block-group__inner-container is-layout-flow wp-block-group-is-layout-flow\">\n<div class=\"wp-block-columns are-vertically-aligned-center is-layout-flex wp-container-core-columns-is-layout-9d6595d7 wp-block-columns-is-layout-flex\">\n<div class=\"wp-block-column is-vertically-aligned-center is-layout-flow wp-block-column-is-layout-flow\" style=\"flex-basis:50%\">\n<figure class=\"wp-block-gallery has-nested-images columns-default is-cropped wp-block-gallery-1 is-layout-flex wp-block-gallery-is-layout-flex\">\n<figure class=\"wp-block-image size-large\"><img loading=\"lazy\" decoding=\"async\" width=\"1024\" height=\"683\" data-id=\"432\" src=\"https:\/\/fm-fliesen.at\/wp-content\/uploads\/2022\/10\/referenz3-1024x683.jpg\" alt=\"\" class=\"wp-image-432\" srcset=\"https:\/\/fm-fliesen.at\/wp-content\/uploads\/2022\/10\/referenz3-1024x683.jpg 1024w, https:\/\/fm-fliesen.at\/wp-content\/uploads\/2022\/10\/referenz3-300x200.jpg 300w, https:\/\/fm-fliesen.at\/wp-content\/uploads\/2022\/10\/referenz3-768x512.jpg 768w, https:\/\/fm-fliesen.at\/wp-content\/uploads\/2022\/10\/referenz3-1536x1024.jpg 1536w, https:\/\/fm-fliesen.at\/wp-content\/uploads\/2022\/10\/referenz3-2048x1366.jpg 2048w, https:\/\/fm-fliesen.at\/wp-content\/uploads\/2022\/10\/referenz3-930x620.jpg 930w\" sizes=\"auto, (max-width: 1024px) 100vw, 1024px\" \/><\/figure>\n<\/figure>\n<\/div>\n\n\n\n<div class=\"wp-block-column is-vertically-aligned-center is-layout-flow wp-block-column-is-layout-flow\" style=\"flex-basis:50%\">\n<div style=\"height:20px\" aria-hidden=\"true\" class=\"wp-block-spacer\"><\/div>\n\n\n\n<h2 class=\"wp-block-heading has-text-align-left has-nv-site-bg-color has-text-color\">Schauraum in Flachau<\/h2>\n\n\n\n<p class=\"has-text-align-left has-nv-site-bg-color has-text-color\" style=\"font-size:17px\">Besuchen Sie uns in unserem modern ausgestatteten Schauraum in Flachau. Vereinbaren Sie dazu noch heute einen unverbindlichen Termin!<br><strong>Tel. +43 664 \/ 750 16 593<\/strong><\/p>\n\n\n\n<div class=\"wp-block-buttons is-horizontal is-content-justification-left is-layout-flex wp-container-core-buttons-is-layout-7e5fce0a wp-block-buttons-is-layout-flex\"><\/div>\n<\/div>\n<\/div>\n\n\n\n<div style=\"height:40px\" aria-hidden=\"true\" class=\"wp-block-spacer\"><\/div>\n<\/div><\/div>\n<\/div><\/div>\n\n\n\n<div class=\"wp-block-cover alignfull\" style=\"min-height:600px;aspect-ratio:unset;\"><span aria-hidden=\"true\" class=\"wp-block-cover__background has-nv-site-bg-background-color has-background-dim-100 has-background-dim\"><\/span><div class=\"wp-block-cover__inner-container is-layout-flow wp-block-cover-is-layout-flow\">\n<div class=\"wp-block-group\"><div class=\"wp-block-group__inner-container is-layout-flow wp-block-group-is-layout-flow\">\n<div class=\"wp-block-columns are-vertically-aligned-center is-layout-flex wp-container-core-columns-is-layout-9d6595d7 wp-block-columns-is-layout-flex\">\n<div class=\"wp-block-column is-vertically-aligned-center is-layout-flow wp-block-column-is-layout-flow\" style=\"flex-basis:50%\">\n<div style=\"height:40px\" aria-hidden=\"true\" class=\"wp-block-spacer\"><\/div>\n\n\n\n<h2 class=\"wp-block-heading has-text-align-left has-neve-text-color-color has-text-color\">Mit Genauigkeit <br>zum Erfolg<\/h2>\n\n\n\n<p class=\"has-text-align-left has-neve-text-color-color has-text-color\" style=\"font-size:17px\">Der Beruf Fliesenleger verlangt neben gro\u00dfem fachlichem Wissen <br>auch sehr viel Genauigkeit. Durch diese vielen Ecken, Kanten und Linien wird uns aber auch erm\u00f6glicht beeindruckende Fl\u00e4chen zu erschaffen die das gewisse &#8222;Etwas&#8220; vermitteln.<br><\/p>\n\n\n\n<div class=\"wp-block-buttons is-horizontal is-content-justification-left is-layout-flex wp-container-core-buttons-is-layout-7e5fce0a wp-block-buttons-is-layout-flex\"><\/div>\n<\/div>\n\n\n\n<div class=\"wp-block-column is-vertically-aligned-center is-layout-flow wp-block-column-is-layout-flow\" style=\"flex-basis:50%\">\n<figure class=\"wp-block-image size-large\"><img loading=\"lazy\" decoding=\"async\" width=\"1024\" height=\"684\" src=\"https:\/\/fm-fliesen.at\/wp-content\/uploads\/2022\/10\/referenz6-1024x684.jpg\" alt=\"\" class=\"wp-image-435\" srcset=\"https:\/\/fm-fliesen.at\/wp-content\/uploads\/2022\/10\/referenz6-1024x684.jpg 1024w, https:\/\/fm-fliesen.at\/wp-content\/uploads\/2022\/10\/referenz6-300x200.jpg 300w, https:\/\/fm-fliesen.at\/wp-content\/uploads\/2022\/10\/referenz6-768x513.jpg 768w, https:\/\/fm-fliesen.at\/wp-content\/uploads\/2022\/10\/referenz6-1536x1026.jpg 1536w, https:\/\/fm-fliesen.at\/wp-content\/uploads\/2022\/10\/referenz6-2048x1367.jpg 2048w, https:\/\/fm-fliesen.at\/wp-content\/uploads\/2022\/10\/referenz6-930x620.jpg 930w\" sizes=\"auto, (max-width: 1024px) 100vw, 1024px\" \/><\/figure>\n<\/div>\n<\/div>\n<\/div><\/div>\n<\/div><\/div>\n\n\n\n<div class=\"wp-block-cover alignfull\" style=\"min-height:874px;aspect-ratio:unset;\"><span aria-hidden=\"true\" class=\"wp-block-cover__background has-neve-text-color-background-color has-background-dim-100 has-background-dim\"><\/span><div class=\"wp-block-cover__inner-container is-layout-flow wp-block-cover-is-layout-flow\">\n<div class=\"wp-block-group\"><div class=\"wp-block-group__inner-container is-layout-flow wp-block-group-is-layout-flow\">\n<h2 class=\"wp-block-heading has-nv-site-bg-color has-text-color\">Referenzen<\/h2>\n\n\n\n<div style=\"height:20px\" aria-hidden=\"true\" class=\"wp-block-spacer\"><\/div>\n\n\n\n<figure class=\"wp-block-gallery has-nested-images columns-default is-cropped wp-block-gallery-2 is-layout-flex wp-block-gallery-is-layout-flex\">\n<figure class=\"wp-block-image size-large\"><img loading=\"lazy\" decoding=\"async\" width=\"1024\" height=\"683\" data-id=\"434\" src=\"https:\/\/fm-fliesen.at\/wp-content\/uploads\/2022\/10\/referenz-1-1024x683.jpg\" alt=\"\" class=\"wp-image-434\" srcset=\"https:\/\/fm-fliesen.at\/wp-content\/uploads\/2022\/10\/referenz-1-1024x683.jpg 1024w, https:\/\/fm-fliesen.at\/wp-content\/uploads\/2022\/10\/referenz-1-300x200.jpg 300w\" sizes=\"auto, (max-width: 1024px) 100vw, 1024px\" \/><\/figure>\n\n\n\n<figure class=\"wp-block-image size-large\"><img loading=\"lazy\" decoding=\"async\" width=\"1024\" height=\"684\" data-id=\"436\" src=\"https:\/\/fm-fliesen.at\/wp-content\/uploads\/2022\/10\/referenz2-1024x684.jpg\" alt=\"\" class=\"wp-image-436\" srcset=\"https:\/\/fm-fliesen.at\/wp-content\/uploads\/2022\/10\/referenz2-1024x684.jpg 1024w, https:\/\/fm-fliesen.at\/wp-content\/uploads\/2022\/10\/referenz2-300x200.jpg 300w, https:\/\/fm-fliesen.at\/wp-content\/uploads\/2022\/10\/referenz2-768x513.jpg 768w, https:\/\/fm-fliesen.at\/wp-content\/uploads\/2022\/10\/referenz2-1536x1026.jpg 1536w, https:\/\/fm-fliesen.at\/wp-content\/uploads\/2022\/10\/referenz2-2048x1367.jpg 2048w, https:\/\/fm-fliesen.at\/wp-content\/uploads\/2022\/10\/referenz2-930x620.jpg 930w\" sizes=\"auto, (max-width: 1024px) 100vw, 1024px\" \/><\/figure>\n\n\n\n<figure class=\"wp-block-image size-large\"><img loading=\"lazy\" decoding=\"async\" width=\"1024\" height=\"683\" data-id=\"432\" src=\"https:\/\/fm-fliesen.at\/wp-content\/uploads\/2022\/10\/referenz3-1024x683.jpg\" alt=\"\" class=\"wp-image-432\" srcset=\"https:\/\/fm-fliesen.at\/wp-content\/uploads\/2022\/10\/referenz3-1024x683.jpg 1024w, https:\/\/fm-fliesen.at\/wp-content\/uploads\/2022\/10\/referenz3-300x200.jpg 300w, https:\/\/fm-fliesen.at\/wp-content\/uploads\/2022\/10\/referenz3-768x512.jpg 768w, https:\/\/fm-fliesen.at\/wp-content\/uploads\/2022\/10\/referenz3-1536x1024.jpg 1536w, https:\/\/fm-fliesen.at\/wp-content\/uploads\/2022\/10\/referenz3-2048x1366.jpg 2048w, https:\/\/fm-fliesen.at\/wp-content\/uploads\/2022\/10\/referenz3-930x620.jpg 930w\" sizes=\"auto, (max-width: 1024px) 100vw, 1024px\" \/><\/figure>\n\n\n\n<figure class=\"wp-block-image size-large\"><img loading=\"lazy\" decoding=\"async\" width=\"1024\" height=\"683\" data-id=\"437\" src=\"https:\/\/fm-fliesen.at\/wp-content\/uploads\/2022\/10\/referenz5-1-1024x683.jpg\" alt=\"\" class=\"wp-image-437\" srcset=\"https:\/\/fm-fliesen.at\/wp-content\/uploads\/2022\/10\/referenz5-1-1024x683.jpg 1024w, https:\/\/fm-fliesen.at\/wp-content\/uploads\/2022\/10\/referenz5-1-300x200.jpg 300w, https:\/\/fm-fliesen.at\/wp-content\/uploads\/2022\/10\/referenz5-1-768x512.jpg 768w, https:\/\/fm-fliesen.at\/wp-content\/uploads\/2022\/10\/referenz5-1-1536x1024.jpg 1536w, https:\/\/fm-fliesen.at\/wp-content\/uploads\/2022\/10\/referenz5-1-2048x1366.jpg 2048w, https:\/\/fm-fliesen.at\/wp-content\/uploads\/2022\/10\/referenz5-1-930x620.jpg 930w\" sizes=\"auto, (max-width: 1024px) 100vw, 1024px\" \/><\/figure>\n\n\n\n<figure class=\"wp-block-image size-large\"><img loading=\"lazy\" decoding=\"async\" width=\"1024\" height=\"684\" data-id=\"435\" src=\"https:\/\/fm-fliesen.at\/wp-content\/uploads\/2022\/10\/referenz6-1024x684.jpg\" alt=\"\" class=\"wp-image-435\" srcset=\"https:\/\/fm-fliesen.at\/wp-content\/uploads\/2022\/10\/referenz6-1024x684.jpg 1024w, https:\/\/fm-fliesen.at\/wp-content\/uploads\/2022\/10\/referenz6-300x200.jpg 300w, https:\/\/fm-fliesen.at\/wp-content\/uploads\/2022\/10\/referenz6-768x513.jpg 768w, https:\/\/fm-fliesen.at\/wp-content\/uploads\/2022\/10\/referenz6-1536x1026.jpg 1536w, https:\/\/fm-fliesen.at\/wp-content\/uploads\/2022\/10\/referenz6-2048x1367.jpg 2048w, https:\/\/fm-fliesen.at\/wp-content\/uploads\/2022\/10\/referenz6-930x620.jpg 930w\" sizes=\"auto, (max-width: 1024px) 100vw, 1024px\" \/><\/figure>\n<\/figure>\n\n\n\n<div class=\"wp-block-columns are-vertically-aligned-center is-layout-flex wp-container-core-columns-is-layout-9d6595d7 wp-block-columns-is-layout-flex\">\n<div class=\"wp-block-column is-vertically-aligned-center is-layout-flow wp-block-column-is-layout-flow\" style=\"flex-basis:50%\">\n<div style=\"height:40px\" aria-hidden=\"true\" class=\"wp-block-spacer\"><\/div>\n<\/div>\n\n\n\n<div class=\"wp-block-column is-vertically-aligned-center is-layout-flow wp-block-column-is-layout-flow\" style=\"flex-basis:50%\">\n<div style=\"height:40px\" aria-hidden=\"true\" class=\"wp-block-spacer\"><\/div>\n<\/div>\n<\/div>\n<\/div><\/div>\n<\/div><\/div>\n\n\n\n<div class=\"wp-block-cover alignfull\" style=\"min-height:300px;aspect-ratio:unset;\"><span aria-hidden=\"true\" class=\"wp-block-cover__background has-nv-site-bg-background-color has-background-dim-100 has-background-dim\"><\/span><div class=\"wp-block-cover__inner-container is-layout-flow wp-block-cover-is-layout-flow\">\n<div style=\"height:140px\" aria-hidden=\"true\" class=\"wp-block-spacer\"><\/div>\n\n\n\n<h2 class=\"wp-block-heading has-text-align-center has-neve-text-color-color has-text-color\">Bereit ein neues Projekt zu starten ?<br>Wir warten auf Ihren Anruf !<\/h2>\n\n\n<div class=\"wp-block-image\">\n<figure class=\"aligncenter size-full is-resized\"><img loading=\"lazy\" decoding=\"async\" width=\"200\" height=\"202\" src=\"https:\/\/fm-fliesen.at\/wp-content\/uploads\/2026\/05\/cropped-Logo_FM-Fliesen_4C_GmbH.png\" alt=\"\" class=\"wp-image-514\" style=\"width:170px;height:173px\"\/><\/figure>\n<\/div>\n\n\n<p><\/p>\n\n\n\n<p class=\"has-text-align-center has-neve-text-color-color has-text-color has-medium-font-size\"><strong>FM &#8211; FLIESEN<\/strong> <strong>GmbH<\/strong><br>Michael Fischbacher<br>Flachauerstra\u00dfe 79\/2<br>5542 Flachau<br><strong>Tel. +43 664 \/ 750 16 593<\/strong><br><strong>info@fm-fliesen.at<\/strong><br><\/p>\n\n\n\n<div class=\"wp-block-buttons is-horizontal is-content-justification-center is-layout-flex wp-container-core-buttons-is-layout-499968f5 wp-block-buttons-is-layout-flex\">\n<div class=\"wp-block-button is-style-primary\"><a class=\"wp-block-button__link has-nv-site-bg-color has-neve-text-color-background-color has-text-color has-background wp-element-button\" href=\"https:\/\/fm-fliesen.at\/index.php\/impressum\/\">Impressum<\/a><\/div>\n<\/div>\n\n\n\n<div style=\"height:140px\" aria-hidden=\"true\" class=\"wp-block-spacer\"><\/div>\n<\/div><\/div>\n","protected":false},"excerpt":{"rendered":"<p>Kompetente Beratung Eine fundierte Beratung ist das A und O. Wir geben Ihnen individuelle Tipps und erkl\u00e4ren Ihnen gerne die Vor- und Nachteile zu Gr\u00f6\u00dfen, Eigenschaften und vieles mehr von Fliesen, Marmor und Natursteinen. In unserem Schauraum in Flachau zeigen wir Ihnen gerne die Muster zu den aktuellen Trends und auf Wunsch helfen wir Ihnen&hellip;&nbsp;<a href=\"https:\/\/fm-fliesen.at\/\" rel=\"bookmark\">Weiterlesen &raquo;<span class=\"screen-reader-text\">Home<\/span><\/a><\/p>\n","protected":false},"author":1,"featured_media":0,"parent":0,"menu_order":0,"comment_status":"closed","ping_status":"closed","template":"","meta":{"neve_meta_sidebar":"default","neve_meta_container":"default","neve_meta_enable_content_width":"on","neve_meta_content_width":100,"neve_meta_title_alignment":"","neve_meta_author_avatar":"","neve_post_elements_order":"","neve_meta_disable_header":"","neve_meta_disable_footer":"","neve_meta_disable_title":"on","footnotes":""},"class_list":["post-5","page","type-page","status-publish","hentry"],"_links":{"self":[{"href":"https:\/\/fm-fliesen.at\/index.php\/wp-json\/wp\/v2\/pages\/5","targetHints":{"allow":["GET"]}}],"collection":[{"href":"https:\/\/fm-fliesen.at\/index.php\/wp-json\/wp\/v2\/pages"}],"about":[{"href":"https:\/\/fm-fliesen.at\/index.php\/wp-json\/wp\/v2\/types\/page"}],"author":[{"embeddable":true,"href":"https:\/\/fm-fliesen.at\/index.php\/wp-json\/wp\/v2\/users\/1"}],"replies":[{"embeddable":true,"href":"https:\/\/fm-fliesen.at\/index.php\/wp-json\/wp\/v2\/comments?post=5"}],"version-history":[{"count":84,"href":"https:\/\/fm-fliesen.at\/index.php\/wp-json\/wp\/v2\/pages\/5\/revisions"}],"predecessor-version":[{"id":516,"href":"https:\/\/fm-fliesen.at\/index.php\/wp-json\/wp\/v2\/pages\/5\/revisions\/516"}],"wp:attachment":[{"href":"https:\/\/fm-fliesen.at\/index.php\/wp-json\/wp\/v2\/media?parent=5"}],"curies":[{"name":"wp","href":"https:\/\/api.w.org\/{rel}","templated":true}]}}